128923 and 38?
19
Calculate the greatest common factor of 702 and 14898.
78
What is the greatest common factor of 464 and 184?
8
What is the greatest common divisor of 18 and 519?
3
Calculate the highest common factor of 406537 and 292.
73
What is the highest common divisor of 186 and 7494?
6
What is the greatest common divisor of 350 and 4725?
175
Calculate the greatest common factor of 4252164 and 1784.
892
Calculate the greatest common factor of 4609 and 1628.
11
What is the highest common divisor of 462 and 8580?
66
Calculate the greatest common factor of 481 and 5837.
13
Calculate the greatest common divisor of 20916 and 1400.
28
What is the greatest common factor of 63161 and 14?
7
What is the highest common factor of 87 and 782913?
87
What is the highest common divisor of 170 and 8370?
10
Calculate the highest common divisor of 1226329 and 179.
179
What is the greatest common divisor of 630158 and 2608?
326
Calculate the greatest common factor of 245481 and 282.
141
Calculate the highest common factor of 14338 and 24455.
67
What is the greatest common factor of 75 and 13700?
25
What is the highest common factor of 732 and 1017480?
732
Calculate the greatest common divisor of 5570 and 430.
10
What is the greatest common divisor of 5992882 and 1876?
938
Calculate the highest common divisor of 24 and 629688.
24
Calculate the highest common divisor of 21 and 35749.
7
Calculate the greatest common factor of 27476435 and 1645.
1645
What is the greatest common divisor of 1776 and 1752?
24
Calculate the highest common factor of 13 and 2778113.
13
Calculate the greatest common factor of 309 and 38419.
103
Calculate the highest common factor of 22733 and 113128.
179
Calculate the greatest common factor of 45 and 31335.
15
Calculate the highest common factor of 420949 and 31.
31
What is the greatest common factor of 1119730 and 20?
10
What is the highest common divisor of 170990 and 40?
10
Calculate the greatest common factor of 120 and 346170.
30
Calculate the greatest common factor of 92 and 1351664.
92
What is the highest common divisor of 17920 and 4340?
140
What is the highest common factor of 210525 and 3?
3
Calculate the greatest common divisor of 186 and 2672634.
186
Calculate the highest common divisor of 15207 and 2877.
411
Calculate the highest common factor of 23226 and 2499.
147
Calculate the highest common factor of 15714 and 1296.
162
Calculate the greatest common factor of 182666 and 23.
23
What is the greatest common factor of 3100 and 27700?
100
What is the highest common divisor of 209720 and 28?
28
Calculate the highest common factor of 3625 and 379175.
725
What is the greatest common factor of 139432 and 3016?
232
Calculate the highest common factor of 261498 and 13038.
246
Calculate the highest common divisor of 1416950 and 170.
170
What is the greatest common factor of 294 and 78540?
42
Calculate the greatest common divisor of 1070 and 115.
5
What is the highest common factor of 120 and 30?
30
What is the highest common divisor of 544 and 8993?
17
Calculate the highest common factor of 2545944 and 4128.
1032
What is the greatest common divisor of 167614 and 212441?
1949
Calculate the highest common divisor of 1863 and 18699.
69
Calculate the greatest common factor of 18368 and 84.
28
What is the greatest common factor of 117708 and 1700?
68
What is the highest common factor of 336 and 43302?
42
What is the greatest common divisor of 40053 and 78?
39
What is the greatest common divisor of 38147 and 222?
37
What is the greatest common factor of 5004 and 972?
36
Calculate the highest common divisor of 705946 and 4.
2
Calculate the highest common divisor of 64 and 67120.
16
What is the greatest common factor of 8236 and 580?
116
What is the highest common factor of 76727 and 873?
97
What is the highest common factor of 16071 and 231?
33
What is the greatest common factor of 3106 and 8?
2
What is the greatest common factor of 258 and 10191?
129
Calculate the highest common factor of 8246 and 614110.
434
What is the greatest common factor of 153 and 72?
9
Calculate the highest common divisor of 29744 and 8528.
208
Calculate the greatest common divisor of 107168 and 1632.
544
What is the highest common factor of 19437 and 110979?
627
Calculate the highest common divisor of 1060064 and 80.
16
Calculate the greatest common factor of 6106 and 43.
43
What is the highest common divisor of 18444 and 1113?
159
Calculate the greatest common factor of 875605 and 555.
185
What is the highest common divisor of 15276 and 3648?
228
What is the greatest common factor of 1936 and 212234?
242
What is the highest common factor of 16 and 2701?
1
What is the highest common divisor of 22089 and 12537?
597
Calculate the highest common factor of 236 and 382.
2
What is the greatest common factor of 4550 and 1020110?
910
What is the highest common factor of 13078 and 1222?
26
Calculate the highest common factor of 790218 and 26.
26
What is the highest common factor of 162 and 7830?
54
What is the greatest common factor of 2641 and 1387?
19
Calculate the highest common factor of 1232 and 9394.
154
Calculate the highest common factor of 1938 and 13056.
102
What is the highest common factor of 87 and 92771?
29
What is the greatest common divisor of 162 and 27783?
81
Calculate the highest common factor of 1369044 and 612.
612
Calculate the greatest common divisor of 824 and 8584.
8
Calculate the greatest common factor of 9570 and 112860.
330
What is the highest common factor of 216 and 29728?
8
Calculate the highest common divisor of 1118 and 3406.
26
Calculate the greatest common divisor of 160 and 127240.
40
What is the greatest common divisor of 5358 and 3192?
114
Calculate the greatest common divisor of 3638 and 289.
17
Calculate the highest common factor of 1677936 and 144.
48
What is the highest common divisor of 632 and 116?
4
What is the greatest common divisor of 114875 and 125?
125
What is the highest common factor of 198 and 79266?
66
What is the highest common factor of 330057 and 558?
279
What is the highest common factor of 649 and 978692?
649
What is the highest common divisor of 48 and 4915536?
48
What is the greatest common factor of 214830 and 450?
90
Calculate the highest common factor of 10 and 28435.
5
What is the highest common factor of 978 and 18?
6
What is the greatest common factor of 1377 and 97308?
459
Calculate the greatest common divisor of 222552 and 594.
198
What is the greatest common factor of 35064 and 906?
6
Calculate the greatest common factor of 540 and 3060.
180
What is the highest common divisor of 12529 and 44?
11
Calculate the highest common factor of 217 and 40327.
7
Calculate the greatest common divisor of 1803 and 4687800.
1803
Calculate the highest common factor of 889 and 1016.
127
What is the greatest common factor of 535164 and 154?
14
Calculate the greatest common factor of 34 and 31504.
2
Calculate the greatest common factor of 103447 and 16027.
1457
What is the highest common divisor of 276469 and 38?
19
Calculate the highest common divisor of 54924 and 276.
276
Calculate the greatest common factor of 969698 and 4677.
1559
Calculate the greatest common factor of 60 and 2038215.
15
Calculate the highest common factor of 228272 and 1408.
176
What is the highest common divisor of 74140 and 620?
20
What is the greatest common divisor of 5817 and 84?
21
What is the highest common divisor of 37233 and 378?
189
What is the highest common factor of 14 and 141510?
2
Calculate the highest common divisor of 7632 and 612.
36
What is the greatest common factor of 1136 and 18886?
142
Calculate the highest common factor of 113897 and 689.
53
Calculate the highest common factor of 32433 and 17499.
57
What is the greatest common factor of 500859 and 261?
261
Calculate the highest common factor of 13622 and 2674.
14
What is the greatest common factor of 55 and 15400?
55
Calculate the greatest common divisor of 1880 and 31760.
40
Calculate the greatest common divisor of 15071 and 63.
7
Calculate the greatest common divisor of 849 and 213.
3
Calculate the highest common divisor of 899 and 27318.
29
Calculate the highest common factor of 6432 and 332.
4
Calculate the greatest common factor of 7986 and 6006.
66
What is the h